10*j + 15. Let v be o(-10). Suppose -23 = -2*x + v. Calculate the greatest common divisor of f and x.
19
Let w(j) = 2*j**2 + 4. Let k(a) = 11*a**2 - a + 23. Let h = 35 + -1. Let p(t) = h*w(t) - 6*k(t). Let g be p(-5). What is the greatest common factor of 9 and g?
9
Suppose -8*l + 10*l - 28 = 0. What is the highest common divisor of l and 154?
14
Let p be (-6)/1*(-131)/3. Let v = -104 + p. Let y = v + -88. What is the greatest common factor of y and 14?
14
Let i = -31 + 46. Suppose 0*p + 4*t + 40 = 5*p, -4*p - t + 53 = 0. Let b be (3/p)/(6/120). What is the greatest common factor of b and i?
5
Let s = -49 + 72. Let h = 50 - s. Calculate the greatest common factor of 3 and h.
3
Let w = -23 - -22. Let h be (-4)/4*(-5 + w). What is the greatest common factor of h and 30?
6
Suppose 13*f - 10*f = 30. What is the greatest common factor of f and 5?
5
Suppose -6*c = -2*c - 8. Suppose -4*n - c + 14 = 0. Calculate the greatest common divisor of n and 24.
3
Suppose -22*s + 23*s - 13 = 0. What is the highest common divisor of s and 13?
13
Let t = -12 + 20. What is the highest common divisor of t and 8?
8
Let r = -48 + 102. What is the highest common factor of 27 and r?
27
Let i be 14/(-4)*(2 - 4). Suppose -l + 40 = i. What is the highest common factor of 11 and l?
11
Let z = -27 + 126. Let b = -3 + 12. What is the greatest common factor of b and z?
9
Let q be (15/(-20))/(1/(-16)). Calculate the highest common factor of q and 30.
6
Suppose 3*a = -t + 17, -4*t - 5*a = -14 - 26. Suppose 4*p - t = 3. Suppose -5*i + 14 + 11 = 0. What is the highest common factor of p and i?
1
Let y(r) be the first derivative of r**3/3 + 5*r**2 + 5*r - 5. Let b be y(-10). What is the highest common divisor of 5 and b?
5
Let c(s) = -s**3 + 7*s**2 + 4. Let d be c(5). Suppose 30 + 44 = 2*t. Let f = t + -19. What is the greatest common divisor of f and d?
18
Let h be (-1)/(-4) + 147/4. Suppose m + b = 2, -4*b = -0*m - 5*m + h. Calculate the greatest common divisor of 40 and m.
5
Suppose 258*d - 253*d = 35. Calculate the highest common divisor of d and 7.
7
Let v = 426 + -147. What is the highest common divisor of 31 and v?
31
Let t be (-56)/9 + 4/18. Let v(j) = -3*j - 11. Let c be v(t). Calculate the highest common factor of 1 and c.
1
Let j = 196 + -140. Let c = -6 - -7. Let w be (c + (1 - -2))*2. Calculate the greatest common divisor of j and w.
8
Suppose 2*t + 4*k = -t + 46, t - 20 = k. Let b = -36 + 63. What is the highest common divisor of b and t?
9
Let c(p) = p**3 - 2*p**2 - 3*p + 1. Let m be c(3). Calculate the greatest common factor of 5 and m.
1
Let y(w) = w + 10. Let n be y(-6). What is the highest common divisor of 28 and n?
4
Let p(w) = 0 - 6 + 5*w**2 + w + 0 - 5*w. Let r be p(5). What is the highest common divisor of r and 33?
33
Let f(r) = -r**3 - 5*r**2 - 3*r + 5. Let i = -24 + 19. Let z be f(i). Calculate the highest common divisor of z and 100.
20
Let r be (-20)/(-50) + 78/5. Calculate the greatest common factor of 1 and r.
1
Suppose -y - 120 = -5*o, 3*y + 48 = -o + 3*o. Let s(p) = -21*p - 3. Let u be s(-3). Calculate the greatest common divisor of o and u.
12
Let c(h) = -h**2 + 18*h + 2. Let z be c(18). What is the highest common factor of z and 4?
2
Let v(j) = -j**2 - 12*j + 55. Let u be v(-15). What is the highest common factor of u and 90?
10
Let h be ((-5)/10 - (-242)/4) + 4. Calculate the highest common factor of 48 and h.
16
Suppose w = 3*w - 44. Calculate the greatest common factor of w and 44.
22
Suppose -2*h + 330 = 4*m, 0 = 3*m - 0*m - 4*h - 231. Let y(g) = g**2 + 17*g + 75. Let d be y(-6). What is the highest common divisor of d and m?
9
Let g(f) = -4*f**3 - 2*f**2 - 4*f - 2. Let y = 2 - 4. Let r be g(y). Let d be ((-4)/3)/(5 - 46/9). What is the highest common factor of r and d?
6
Let z = 165 - 95. What is the highest common factor of 10 and z?
10
Let p = -171 - -195. Suppose 4 = -5*z + 19. What is the greatest common divisor of z and p?
3
Let g(j) be the third derivative of -j**5/60 + 7*j**4/24 + 2*j**2. Let t be g(5). Let q = t + 1. What is the greatest common factor of q and 55?
11
Let c be 20/(1*5/20). Let s be 32 - (1 - 1)/(-2). What is the highest common factor of c and s?
16
Suppose -4*v - 11 = -0*h - 5*h, 4 = 2*h - 2*v. Suppose 3*z = -5*l + 2*z + 116, 3*l - 3*z = 84. Calculate the highest common divisor of h and l.
3
Suppose -3*a + 3*g + 24 = 0, 7 = -a - 0*g - 2*g. Suppose a*p - p + 2*s = 0, -p = 2*s + 3. Calculate the greatest common divisor of 21 and p.
3
Let h(u) = -2*u**3 + u**2 + 2*u + 1. Let t be h(-1). Suppose -5*n = t*s - 69, -s + 6*s = 4*n - 42. Calculate the greatest common divisor of n and 104.
13
Suppose -2*b = -5*l + 65, 3*l + b = -2*l + 50. Let d = -11 + 8. Let y be ((d - -5) + -24)*-4. Calculate the highest common factor of l and y.
11
Let z = 100 - 66. What is the highest common divisor of z and 374?
34
Let u(r) = -24*r + 3. Let t be u(2). Let a = 105 + t. Calculate the highest common factor of a and 10.
10
Let h(w) = 121*w**2 + 3*w + 2. Let m be h(-1). What is the highest common factor of m and 24?
24
Let r = 127 + -47. Let f be (-1 + 4)/((-3)/(-20)). Let i = -10 + f. Calculate the greatest common factor of i and r.
10
Suppose 0 = 3*d + 2*d - 10. Suppose 4*c = 3*k - 4 + 58, 2*c - d*k - 28 = 0. Suppose 0 = h - 174 + 42. Calculate the greatest common factor of h and c.
12
Suppose 2 = 4*j - 58. Suppose -k - 8 = -0*k. Let o(t) = -t**2 - 9*t + 7. Let r be o(k). What is the greatest common factor of j and r?
15
Let f(j) = -j - 3 - 2 - 1 + 3. Let m be f(-3). Suppose -27 = -5*w + 3*o, w + m*w + 3*o - 9 = 0. What is the highest common factor of w and 6?
6
Suppose v = 2*v - 14. What is the highest common factor of v and 70?
14
Let l be 9/(-12)*(-1 - 3). Let b = 9 - l. What is the greatest common divisor of 42 and b?
6
Let b(u) = u**2 - 5*u + 1. Let v be b(5). Let k be (v - 6)*(-12)/(-5). Let y be 3/(-4)*2*k. What is the greatest common factor of y and 2?
2
Let j(t) = 56*t**2. Let q be j(-1). Let b = 33 + -18. Suppose -a + 4*a - 3*f = b, -4*a + 29 = -f. Calculate the greatest common factor of q and a.
8
Let o be ((-8)/(-2))/((-6)/(-12)). Let f be -2 - (-7)/((-7)/(-10)). What is the highest common factor of f and o?
8
Suppose 2*h = -0*h - 2. Let c be -31*(h - 0) - 1. Let a(p) = -p**3 - 4*p**2 + 6. Let f be a(-4). Calculate the greatest common factor of c and f.
6
Let r(p) = p. Let m be r(3). Suppose 15 = -18*b + 23*b. Calculate the greatest common factor of m and b.
3
Let f = -7 + 2. Let x(a) = a**3 + 5*a**2 - 5*a - 7. Let r be x(f). Let d = 27 - 9. What is the highest common divisor of r and d?
18
Let k be (-639)/(-2) - 4/8. Suppose 6*l = l - 2*q + k, -67 = -l - 2*q. Suppose 0 = 3*u - 0*u - l. Calculate the highest common divisor of u and 147.
21
Let p = 9 - 6. Suppose 0 = -4*h - 4 - 8, -5*o - p*h - 9 = 0. Suppose o*d + 40 = 2*d. What is the highest common divisor of 200 and d?
20
Let d(z) = -4*z - 9. Let o be d(-3). Suppose m = 0, o*h + 60 = 7*h - m. What is the greatest common factor of h and 15?
15
Let g(r) = -r**2 - 6*r + 7. Let m be g(-6). Suppose -t + 10 = -m. What is the greatest common factor of 85 and t?
17
Let s(n) = n + 13. Let i be s(-10). Let c be 1/i + 649/33. Calculate the highest common factor of 80 and c.
20
Let y(w) = -w**3 + 13*w**2 - 15*w - 14. Let l be (4/(-6))/((-6)/99). Let p be y(l). What is the greatest common factor of 7 and p?
7
Let c(k) = -k + 1. Suppose 3*h = 0, -2*l = -3*h - 2 + 12. Let b be c(l). Calculate the greatest common factor of 42 and b.
6
Suppose 2*f + l - 36 = 20, 2*l = -3*f + 85. Calculate the greatest common factor of 3 and f.
3
Let q(v) be the second derivative of 7/6*v**3 + 0 + 1/12*v**4 - 2*v - 1/2*v**2. Let z be q(-8). What is the greatest common factor of 56 and z?
7
Suppose 6*w - 5*w = 9. What is the greatest common divisor of 72 and w?
9
Let w(q) = -q**3 + 6*q**2 + 4*q + 6. Let i be w(6). Suppose -300 = -3*j - j. Calculate the highest common divisor of i and j.
15
Let z = 6 - 3. Suppose -z*t = -v + 4 - 27, v + 5 = 0. Calculate the greatest common factor of 54 and t.
6
Let x = 209 - 132. Suppose -2*g - d = -3*d - 6, -5*g = -2*d - 15. Suppose 0*v = g*v - 33. Calculate the greatest common factor of v and x.
11
Suppose -4*w + 24 = -3*d - 37, -3*d = 3*w - 30. Calculate the highest common 